{"id":3958,"date":"2021-01-02T18:40:32","date_gmt":"2021-01-02T18:40:32","guid":{"rendered":"http:\/\/kk.banov.cz\/?page_id=3958"},"modified":"2022-01-05T09:50:05","modified_gmt":"2022-01-05T09:50:05","slug":"akce-v-r-2021","status":"publish","type":"page","link":"http:\/\/kk.banov.cz\/?page_id=3958","title":{"rendered":"Akce v r.2021"},"content":{"rendered":"<p><strong>\u00fater\u00fd, 14.z\u00e1\u0159\u00ed 2021 &#8230; ve v\u011bku 84 let n\u00e1s po t\u011b\u017ek\u00e9 nemoci nav\u017edy opustil dlouholet\u00fd \u010dlen spolku, funkcion\u00e1\u0159<\/strong><strong>\u00a0a kamar\u00e1d pan Miloslav Havelka z Byst\u0159ice p.Lopen\u00edkem. Up\u0159\u00edmnou soustrast zarmoucen\u00e9 rodin\u011b a \u010dest jeho pam\u00e1tce<\/strong><\/p>\n<p>&nbsp;<\/p>\n<p><strong>sobota, 15.kv\u011btna &#8211; Brig\u00e1da, od 8 hod<\/strong><\/p>\n<p>&nbsp;<\/p>\n<p><strong>za\u010d\u00e1tek kv\u011btna &#8230; s informacemi o rozvoln\u011bn\u00ed opat\u0159en\u00ed proti \u0161\u00ed\u0159en\u00ed epidemie\u00a0 koronaviru SARS-CoV-2 obnovujeme <span style=\"color: #ff6600;\"><span style=\"color: #000000;\">pl\u00e1n na kon\u00e1n\u00ed \u010cS spolku<\/span><\/span><\/strong><\/p>\n<p><a href=\"http:\/\/kk.banov.cz\/?attachment_id=4071\" rel=\"attachment wp-att-4071\"><span style=\"color: #000000;\"><strong>sobota 27.b\u0159ezna &#8211; \u00fater\u00fd 30.b\u0159ezna\u00a0 \u00a0<\/strong><\/span><img loading=\"lazy\" decoding=\"async\" src=\"http:\/\/kk.banov.cz\/wp-content\/uploads\/2021\/03\/20210326_190447-212x300.jpg\" alt=\"\" width=\"77\" height=\"108\" \/><\/a><\/p>\n<p><strong><span style=\"color: #ff0000;\">\u010ctvrtek, 18.b\u0159ezna &#8230;\u00a0<a href=\"https:\/\/www.vlada.cz\/assets\/media-centrum\/aktualne\/omezeni-volneho-pohybu-0299.pdf\">Nouzov\u00fd stav s \u00fa\u010dinnost\u00ed ode dne 22. b\u0159ezna 2021 od 00:00 hod do dne 28. b\u0159ezna 2021 do 23:59 hod. omezuje voln\u00fd pohyb osob na \u00fazem\u00ed \u010cesk\u00e9\u00a0republiky<\/a><\/span><\/strong><span style=\"color: #000000;\">.<\/span>\u00a0 \u00a0<span style=\"text-decoration: underline;\"><strong>Obnoven\u00ed \u010dinnosti spolku po skon\u010den\u00ed t\u011bchto opat\u0159en\u00ed budeme \u010dleny pr\u016fb\u011b\u017en\u011b informovat<\/strong><\/span><\/p>\n<p><strong><span style=\"color: #ff0000;\">Pond\u011bl\u00ed, 1.b\u0159ezna &#8230;\u00a0Vyhl\u00e1\u0161en\u00ed nouzov\u00e9ho stavu\u00a0<\/span><\/strong><span style=\"color: #000000;\"><a style=\"color: #000000;\" href=\"https:\/\/apps.odok.cz\/attachment\/-\/down\/IHOABYLUPY62\">s \u00fa\u010dinnost\u00ed ode dne 1. b\u0159ezna 2021 od 00:00 hod. do dne 21. b\u0159ezna 2021 do 23:59 hod.<\/a><\/span>\u00a0 \u00a0<span style=\"text-decoration: underline;\"><strong>Obnoven\u00ed \u010dinnosti spolku po skon\u010den\u00ed t\u011bchto opat\u0159en\u00ed budeme \u010dleny pr\u016fb\u011b\u017en\u011b informovat<\/strong><\/span><\/p>\n<p>ned\u011ble, 21.\u00fanora &#8230;\u00a0 <strong><span style=\"color: #ff0000;\">ZRU\u0160ENO kon\u00e1n\u00ed \u010cS spolku<\/span>,<\/strong>\u00a0resp. p\u0159i skon\u010den\u00ed platnosti nouzov\u00e9ho stavu z d\u016fvodu zhor\u0161en\u00e9 epidemick\u00e9 situace v souvislosti s v\u00fdskytem koronaviru SARS-CoV-2<\/p>\n<p>ned\u011ble, 7.\u00fanora \u2026 p\u0159edb\u011b\u017en\u00fd term\u00edn kon\u00e1n\u00ed \u010cS spolku<\/p>\n<p><strong>ned\u011ble, 17.ledna &#8230; tr\u00e9nink na prvn\u00edm sn\u011bhu v roce 2021<\/strong><\/p>\n<p><a href=\"http:\/\/kk.banov.cz\/?attachment_id=3990\" rel=\"attachment wp-att-3990\"><img loading=\"lazy\" decoding=\"async\" src=\"http:\/\/kk.banov.cz\/wp-content\/uploads\/2021\/01\/20210117_105908-150x150.jpg\" alt=\"\" width=\"150\" height=\"150\" \/><\/a><a href=\"http:\/\/kk.banov.cz\/?attachment_id=3989\" rel=\"attachment wp-att-3989\"><img loading=\"lazy\" decoding=\"async\" src=\"http:\/\/kk.banov.cz\/wp-content\/uploads\/2021\/01\/20210117_104644-150x150.jpg\" alt=\"\" width=\"150\" height=\"150\" \/><\/a><a href=\"http:\/\/kk.banov.cz\/?attachment_id=3992\" rel=\"attachment wp-att-3992\"><img loading=\"lazy\" decoding=\"async\" src=\"http:\/\/kk.banov.cz\/wp-content\/uploads\/2021\/01\/20210117_104821-150x150.jpg\" alt=\"\" width=\"150\" height=\"150\" \/><\/a><a href=\"http:\/\/kk.banov.cz\/?attachment_id=3993\" rel=\"attachment wp-att-3993\"><img loading=\"lazy\" decoding=\"async\" src=\"http:\/\/kk.banov.cz\/wp-content\/uploads\/2021\/01\/20210117_104742-150x150.jpg\" alt=\"\" width=\"150\" height=\"150\" \/><\/a><\/p>\n<p>&nbsp;<\/p>\n<p><strong>st\u0159eda, 6.ledna 2021 \u2026 ve v\u011bku nedo\u017eit\u00fdch 73 let n\u00e1s nav\u017edy opustil vynikaj\u00edc\u00ed kamar\u00e1d, v\u00fdrazn\u00e1 osobnost a dlouholet\u00fd funkcion\u00e1\u0159 spolku pan Rudolf Viktorin. Up\u0159\u00edmnou soustrast zarmoucen\u00e9 rodin\u011b a \u010dest jeho pam\u00e1tce<\/strong><\/p>\n<p>&nbsp;<\/p>\n<p>&nbsp;<\/p>\n","protected":false},"excerpt":{"rendered":"<p>\u00fater\u00fd, 14.z\u00e1\u0159\u00ed 2021 &#8230; ve v\u011bku 84 let n\u00e1s po t\u011b\u017ek\u00e9 nemoci nav\u017edy opustil dlouholet\u00fd \u010dlen spolku, funkcion\u00e1\u0159\u00a0a kamar\u00e1d pan Miloslav Havelka z Byst\u0159ice p.Lopen\u00edkem. Up\u0159\u00edmnou soustrast zarmoucen\u00e9 rodin\u011b a \u010dest jeho pam\u00e1tce &nbsp; sobota, 15.kv\u011btna &#8211; Brig\u00e1da, od 8 hod &nbsp; za\u010d\u00e1tek kv\u011btna &#8230; s informacemi o rozvoln\u011bn\u00ed opat\u0159en\u00ed proti \u0161\u00ed\u0159en\u00ed epidemie\u00a0 koronaviru SARS-CoV-2 [&hellip;]<\/p>\n","protected":false},"author":1,"featured_media":0,"parent":215,"menu_order":1,"comment_status":"closed","ping_status":"closed","template":"","meta":{"footnotes":""},"class_list":["post-3958","page","type-page","status-publish","hentry"],"_links":{"self":[{"href":"http:\/\/kk.banov.cz\/index.php?rest_route=\/wp\/v2\/pages\/3958","targetHints":{"allow":["GET"]}}],"collection":[{"href":"http:\/\/kk.banov.cz\/index.php?rest_route=\/wp\/v2\/pages"}],"about":[{"href":"http:\/\/kk.banov.cz\/index.php?rest_route=\/wp\/v2\/types\/page"}],"author":[{"embeddable":true,"href":"http:\/\/kk.banov.cz\/index.php?rest_route=\/wp\/v2\/users\/1"}],"replies":[{"embeddable":true,"href":"http:\/\/kk.banov.cz\/index.php?rest_route=%2Fwp%2Fv2%2Fcomments&post=3958"}],"version-history":[{"count":11,"href":"http:\/\/kk.banov.cz\/index.php?rest_route=\/wp\/v2\/pages\/3958\/revisions"}],"predecessor-version":[{"id":4178,"href":"http:\/\/kk.banov.cz\/index.php?rest_route=\/wp\/v2\/pages\/3958\/revisions\/4178"}],"up":[{"embeddable":true,"href":"http:\/\/kk.banov.cz\/index.php?rest_route=\/wp\/v2\/pages\/215"}],"wp:attachment":[{"href":"http:\/\/kk.banov.cz\/index.php?rest_route=%2Fwp%2Fv2%2Fmedia&parent=3958"}],"curies":[{"name":"wp","href":"https:\/\/api.w.org\/{rel}","templated":true}]}}

<p><strong>úterý, 14.září 2021 &#8230; ve věku 84 let nás po těžké nemoci navždy opustil dlouholetý člen spolku, funkcionář</strong><strong> a kamarád pan Miloslav Havelka z Bystřice p.Lopeníkem. Upřímnou soustrast zarmoucené rodině a čest jeho památce</strong></p>
<p>&nbsp;</p>
<p><strong>sobota, 15.května &#8211; Brigáda, od 8 hod</strong></p>
<p>&nbsp;</p>
<p><strong>začátek května &#8230; s informacemi o rozvolnění opatření proti šíření epidemie  koronaviru SARS-CoV-2 obnovujeme <span style="color: #ff6600;"><span style="color: #000000;">plán na konání ČS spolku</span></span></strong></p>
<p><a href="http://kk.banov.cz/?attachment_id=4071" rel="attachment wp-att-4071"><span style="color: #000000;"><strong>sobota 27.března &#8211; úterý 30.března   </strong></span><img loading="lazy" decoding="async" src="http://kk.banov.cz/wp-content/uploads/2021/03/20210326_190447-212x300.jpg" alt="" width="77" height="108" /></a></p>
<p><strong><span style="color: #ff0000;">Čtvrtek, 18.března &#8230; <a href="https://www.vlada.cz/assets/media-centrum/aktualne/omezeni-volneho-pohybu-0299.pdf">Nouzový stav s účinností ode dne 22. března 2021 od 00:00 hod do dne 28. března 2021 do 23:59 hod. omezuje volný pohyb osob na území České republiky</a></span></strong><span style="color: #000000;">.</span>   <span style="text-decoration: underline;"><strong>Obnovení činnosti spolku po skončení těchto opatření budeme členy průběžně informovat</strong></span></p>
<p><strong><span style="color: #ff0000;">Pondělí, 1.března &#8230; Vyhlášení nouzového stavu </span></strong><span style="color: #000000;"><a style="color: #000000;" href="https://apps.odok.cz/attachment/-/down/IHOABYLUPY62">s účinností ode dne 1. března 2021 od 00:00 hod. do dne 21. března 2021 do 23:59 hod.</a></span>   <span style="text-decoration: underline;"><strong>Obnovení činnosti spolku po skončení těchto opatření budeme členy průběžně informovat</strong></span></p>
<p>neděle, 21.února &#8230;  <strong><span style="color: #ff0000;">ZRUŠENO konání ČS spolku</span>,</strong> resp. při skončení platnosti nouzového stavu z důvodu zhoršené epidemické situace v souvislosti s výskytem koronaviru SARS-CoV-2</p>
<p>neděle, 7.února … předběžný termín konání ČS spolku</p>
<p><strong>neděle, 17.ledna &#8230; trénink na prvním sněhu v roce 2021</strong></p>
<p><a href="http://kk.banov.cz/?attachment_id=3990" rel="attachment wp-att-3990"><img loading="lazy" decoding="async" src="http://kk.banov.cz/wp-content/uploads/2021/01/20210117_105908-150x150.jpg" alt="" width="150" height="150" /></a><a href="http://kk.banov.cz/?attachment_id=3989" rel="attachment wp-att-3989"><img loading="lazy" decoding="async" src="http://kk.banov.cz/wp-content/uploads/2021/01/20210117_104644-150x150.jpg" alt="" width="150" height="150" /></a><a href="http://kk.banov.cz/?attachment_id=3992" rel="attachment wp-att-3992"><img loading="lazy" decoding="async" src="http://kk.banov.cz/wp-content/uploads/2021/01/20210117_104821-150x150.jpg" alt="" width="150" height="150" /></a><a href="http://kk.banov.cz/?attachment_id=3993" rel="attachment wp-att-3993"><img loading="lazy" decoding="async" src="http://kk.banov.cz/wp-content/uploads/2021/01/20210117_104742-150x150.jpg" alt="" width="150" height="150" /></a></p>
<p>&nbsp;</p>
<p><strong>středa, 6.ledna 2021 … ve věku nedožitých 73 let nás navždy opustil vynikající kamarád, výrazná osobnost a dlouholetý funkcionář spolku pan Rudolf Viktorin. Upřímnou soustrast zarmoucené rodině a čest jeho památce</strong></p>
<p>&nbsp;</p>
<p>&nbsp;</p>

<p>úterý, 14.září 2021 &#8230; ve věku 84 let nás po těžké nemoci navždy opustil dlouholetý člen spolku, funkcionář a kamarád pan Miloslav Havelka z Bystřice p.Lopeníkem. Upřímnou soustrast zarmoucené rodině a čest jeho památce &nbsp; sobota, 15.května &#8211; Brigáda, od 8 hod &nbsp; začátek května &#8230; s informacemi o rozvolnění opatření proti šíření epidemie  koronaviru SARS-CoV-2 [&hellip;]</p>
