{"id":26,"date":"2016-02-10T19:21:32","date_gmt":"2016-02-10T19:21:32","guid":{"rendered":"http:\/\/kk.banov.cz\/?page_id=26"},"modified":"2023-01-20T13:25:03","modified_gmt":"2023-01-20T13:25:03","slug":"vycvik-2","status":"publish","type":"page","link":"http:\/\/kk.banov.cz\/?page_id=26","title":{"rendered":"V\u00fdcvik a tr\u00e9nink ps\u016f"},"content":{"rendered":"<p style=\"text-align: left;\"><strong>Hlavn\u00edm z\u00e1jmem Kynologick\u00e9ho klubu B\u00e1nov je SPORTOVN\u00cd V\u00ddCVIK ps\u016f\u00a0 po<\/strong><strong>dle n\u00e1rodn\u00edho ( NZ\u0158 )\u00a0 a mezin\u00e1rodn\u00edho\u00a0 ( IGP)<a title=\"ZKU\u0160EBN\u00cd \u0158\u00c1DY\" href=\"http:\/\/kk.banov.cz\/?page_id=1706\" target=\"_blank\" rel=\"noopener\"> zku\u0161ebn\u00edho \u0159\u00e1du<\/a><br \/>\n<\/strong><\/p>\n<p style=\"text-align: center;\"><strong style=\"text-align: center;\">P\u0159\u00edpravn\u00e9 tr\u00e9ninky prob\u00edhaj\u00ed <strong>ka\u017edou ned\u011bli\u00a0 8-11.3o hod<\/strong><strong style=\"color: #ff6600;\"><span style=\"color: #000000;\">\u00a0<\/span><\/strong>na rovn\u00e9 travnat\u00e9 tr\u00e9ninkov\u00e9 plo\u0161e rozm\u011bru cca 120 x 60 krok\u016f a v p\u0159ilehl\u00fdch ter\u00e9nech, dle odd\u00edl\u016f zku\u0161ebn\u00edch \u0159\u00e1d\u016f:<\/strong><\/p>\n<p style=\"text-align: center;\"><strong>A. STOPA\u00a0 \u00a0 \u00a0 \u00a0 \u00a0 \u00a0 \u00a0 \u00a0 \u00a0 \u00a0 \u00a0 \u00a0 \u00a0 \u00a0 \u00a0B. POSLU\u0160NOST\u00a0 \u00a0 \u00a0 \u00a0 \u00a0 \u00a0 \u00a0 \u00a0C. OBRANA<\/strong><\/p>\n<p style=\"text-align: center;\"><a href=\"http:\/\/kk.banov.cz\/wp-content\/uploads\/2016\/02\/065035_kam-stopa.jpg\"><img loading=\"lazy\" decoding=\"async\" class=\"alignnone size-thumbnail wp-image-64\" src=\"http:\/\/kk.banov.cz\/wp-content\/uploads\/2016\/02\/065035_kam-stopa-150x150.jpg\" alt=\"065035_kam-stopa\" width=\"150\" height=\"150\" \/>\u00a0<\/a><a href=\"http:\/\/kk.banov.cz\/wp-content\/uploads\/2016\/02\/KK-B\u00e1nov-2011-detden32.jpg\"><img loading=\"lazy\" decoding=\"async\" class=\"alignnone size-thumbnail wp-image-628\" src=\"http:\/\/kk.banov.cz\/wp-content\/uploads\/2016\/02\/KK-B\u00e1nov-2011-detden32-150x150.jpg\" alt=\"KK B\u00e1nov-2011-detden3\" width=\"150\" height=\"150\" \/><\/a>\u00a0<a href=\"http:\/\/kk.banov.cz\/wp-content\/uploads\/2016\/02\/064748_obrana-dorka-k.jpg\"><img loading=\"lazy\" decoding=\"async\" class=\"alignnone size-thumbnail wp-image-66\" src=\"http:\/\/kk.banov.cz\/wp-content\/uploads\/2016\/02\/064748_obrana-dorka-k-150x150.jpg\" alt=\"064748_obrana-dorka-k\" width=\"150\" height=\"150\" \/><\/a><\/p>\n<ul>\n<li><span style=\"color: #ff0000;\">do are\u00e1lu maj\u00ed zak\u00e1zan\u00fd vstup psi nemocn\u00ed, zable\u0161en\u00ed \u010di s jin\u00fdmi p\u0159enosn\u00fdmi parazity, s ko\u017en\u00edmi chorobami a v prvn\u00edm t\u00fddnu po o\u010dkov\u00e1n\u00ed, feny v prvn\u00edch min. dvou t\u00fddnech h\u00e1r\u00e1n\u00ed !!!<\/span><\/li>\n<li>pro prvn\u00ed n\u00e1v\u0161t\u011bvu s sebou vezm\u011bte O\u010cKOVAC\u00cd PR\u016eKAZ nebo pas zv\u00ed\u0159ete v z\u00e1jmov\u00e9m chovu pro mal\u00e1 zv\u00ed\u0159ata s platn\u00fdm o\u010dkov\u00e1n\u00edm proti VZTEKLIN\u011a, PSINCE a PARVOVIROZE<\/li>\n<li>p\u0159ed vstupem do are\u00e1lu mus\u00ed b\u00fdt pes vyven\u010den<\/li>\n<li>do are\u00e1lu vstupujte se psem na vod\u00edtku<\/li>\n<li>dodr\u017eujte za\u010d\u00e1tek v\u00fdcviku 8 hod &#8211; stopy, od 9 hod &#8211; poslu\u0161nost, od 10 hod &#8211; obrany<\/li>\n<li>po dobu v\u00fdcviku jsou na cvi\u010debn\u00ed plo\u0161e pouze psovodi se psy, rodinn\u00ed p\u0159\u00edslu\u0161n\u00edci a ostatn\u00ed se zdr\u017euj\u00ed ve vyhrazen\u00fdch prostor\u00e1ch<\/li>\n<li><span style=\"text-decoration: underline;\"><strong><span style=\"color: #ff0000;\"><a title=\"Co s sebou na v\u00fdcvik\" href=\"http:\/\/kk.banov.cz\/?page_id=1665\" target=\"_blank\" rel=\"noopener\">Co s sebou a pro psa na KA\u017dD\u00dd tr\u00e9nink?<\/a><\/span><\/strong><\/span><\/li>\n<\/ul>\n<p style=\"text-align: center;\">\n","protected":false},"excerpt":{"rendered":"<p>Hlavn\u00edm z\u00e1jmem Kynologick\u00e9ho klubu B\u00e1nov je SPORTOVN\u00cd V\u00ddCVIK ps\u016f\u00a0 podle n\u00e1rodn\u00edho ( NZ\u0158 )\u00a0 a mezin\u00e1rodn\u00edho\u00a0 ( IGP) zku\u0161ebn\u00edho \u0159\u00e1du P\u0159\u00edpravn\u00e9 tr\u00e9ninky prob\u00edhaj\u00ed ka\u017edou ned\u011bli\u00a0 8-11.3o hod\u00a0na rovn\u00e9 travnat\u00e9 tr\u00e9ninkov\u00e9 plo\u0161e rozm\u011bru cca 120 x 60 krok\u016f a v p\u0159ilehl\u00fdch ter\u00e9nech, dle odd\u00edl\u016f zku\u0161ebn\u00edch \u0159\u00e1d\u016f: A. STOPA\u00a0 \u00a0 \u00a0 \u00a0 \u00a0 \u00a0 \u00a0 \u00a0 \u00a0 [&hellip;]<\/p>\n","protected":false},"author":1,"featured_media":0,"parent":0,"menu_order":4,"comment_status":"closed","ping_status":"closed","template":"","meta":{"footnotes":""},"class_list":["post-26","page","type-page","status-publish","hentry"],"_links":{"self":[{"href":"http:\/\/kk.banov.cz\/index.php?rest_route=\/wp\/v2\/pages\/26","targetHints":{"allow":["GET"]}}],"collection":[{"href":"http:\/\/kk.banov.cz\/index.php?rest_route=\/wp\/v2\/pages"}],"about":[{"href":"http:\/\/kk.banov.cz\/index.php?rest_route=\/wp\/v2\/types\/page"}],"author":[{"embeddable":true,"href":"http:\/\/kk.banov.cz\/index.php?rest_route=\/wp\/v2\/users\/1"}],"replies":[{"embeddable":true,"href":"http:\/\/kk.banov.cz\/index.php?rest_route=%2Fwp%2Fv2%2Fcomments&post=26"}],"version-history":[{"count":112,"href":"http:\/\/kk.banov.cz\/index.php?rest_route=\/wp\/v2\/pages\/26\/revisions"}],"predecessor-version":[{"id":4909,"href":"http:\/\/kk.banov.cz\/index.php?rest_route=\/wp\/v2\/pages\/26\/revisions\/4909"}],"wp:attachment":[{"href":"http:\/\/kk.banov.cz\/index.php?rest_route=%2Fwp%2Fv2%2Fmedia&parent=26"}],"curies":[{"name":"wp","href":"https:\/\/api.w.org\/{rel}","templated":true}]}}

Výcvik a trénink psů

<p style="text-align: left;"><strong>Hlavním zájmem Kynologického klubu Bánov je SPORTOVNÍ VÝCVIK psů  po</strong><strong>dle národního ( NZŘ )  a mezinárodního  ( IGP)<a title="ZKUŠEBNÍ ŘÁDY" href="http://kk.banov.cz/?page_id=1706" target="_blank" rel="noopener"> zkušebního řádu</a><br />
</strong></p>
<p style="text-align: center;"><strong style="text-align: center;">Přípravné tréninky probíhají <strong>každou neděli  8-11.3o hod</strong><strong style="color: #ff6600;"><span style="color: #000000;"> </span></strong>na rovné travnaté tréninkové ploše rozměru cca 120 x 60 kroků a v přilehlých terénech, dle oddílů zkušebních řádů:</strong></p>
<p style="text-align: center;"><strong>A. STOPA                             B. POSLUŠNOST               C. OBRANA</strong></p>
<p style="text-align: center;"><a href="http://kk.banov.cz/wp-content/uploads/2016/02/065035_kam-stopa.jpg"><img loading="lazy" decoding="async" class="alignnone size-thumbnail wp-image-64" src="http://kk.banov.cz/wp-content/uploads/2016/02/065035_kam-stopa-150x150.jpg" alt="065035_kam-stopa" width="150" height="150" /> </a><a href="http://kk.banov.cz/wp-content/uploads/2016/02/KK-Bánov-2011-detden32.jpg"><img loading="lazy" decoding="async" class="alignnone size-thumbnail wp-image-628" src="http://kk.banov.cz/wp-content/uploads/2016/02/KK-Bánov-2011-detden32-150x150.jpg" alt="KK Bánov-2011-detden3" width="150" height="150" /></a> <a href="http://kk.banov.cz/wp-content/uploads/2016/02/064748_obrana-dorka-k.jpg"><img loading="lazy" decoding="async" class="alignnone size-thumbnail wp-image-66" src="http://kk.banov.cz/wp-content/uploads/2016/02/064748_obrana-dorka-k-150x150.jpg" alt="064748_obrana-dorka-k" width="150" height="150" /></a></p>
<ul>
<li><span style="color: #ff0000;">do areálu mají zakázaný vstup psi nemocní, zablešení či s jinými přenosnými parazity, s kožními chorobami a v prvním týdnu po očkování, feny v prvních min. dvou týdnech hárání !!!</span></li>
<li>pro první návštěvu s sebou vezměte OČKOVACÍ PRŮKAZ nebo pas zvířete v zájmovém chovu pro malá zvířata s platným očkováním proti VZTEKLINĚ, PSINCE a PARVOVIROZE</li>
<li>před vstupem do areálu musí být pes vyvenčen</li>
<li>do areálu vstupujte se psem na vodítku</li>
<li>dodržujte začátek výcviku 8 hod &#8211; stopy, od 9 hod &#8211; poslušnost, od 10 hod &#8211; obrany</li>
<li>po dobu výcviku jsou na cvičební ploše pouze psovodi se psy, rodinní příslušníci a ostatní se zdržují ve vyhrazených prostorách</li>
<li><span style="text-decoration: underline;"><strong><span style="color: #ff0000;"><a title="Co s sebou na výcvik" href="http://kk.banov.cz/?page_id=1665" target="_blank" rel="noopener">Co s sebou a pro psa na KAŽDÝ trénink?</a></span></strong></span></li>
</ul>
<p style="text-align: center;">

<p>Hlavním zájmem Kynologického klubu Bánov je SPORTOVNÍ VÝCVIK psů  podle národního ( NZŘ )  a mezinárodního  ( IGP) zkušebního řádu Přípravné tréninky probíhají každou neděli  8-11.3o hod na rovné travnaté tréninkové ploše rozměru cca 120 x 60 kroků a v přilehlých terénech, dle oddílů zkušebních řádů: A. STOPA                  [&hellip;]</p>
